2 - 101*w - 1707. Calculate l(110).
-717
Let l(v) = -20078*v - 39843. What is l(-2)?
313
Let w(h) = -312*h**3 - 4*h**2 - 135*h - 133. What is w(-1)?
310
Let a(o) = 2*o**3 + 526*o**2 - 523*o + 1319. Give a(-264).
-1
Let a(d) = 114*d + 2638. Give a(-11).
1384
Let c(k) = k**3 + 152*k**2 - 921*k + 4273. Determine c(-158).
7
Let k(u) = 10*u**3 + 1060*u**2 - 4402*u - 227. What is k(-110)?
-7
Let w(i) = -6313*i - 25300. Give w(-4).
-48
Let w(i) = -2*i**3 + 23*i**2 - 68*i - 1592. Calculate w(-6).
76
Let f(d) = -d**2 + 288*d - 19934. Give f(168).
226
Let o(m) = -20*m**2 - 1762*m - 218. Calculate o(-88).
-42
Let s(u) = -2*u**3 - 72*u**2 - 159*u - 74. What is s(-33)?
-1361
Let q(u) = 2*u**2 - 180*u - 14788. Calculate q(145).
1162
Let a(w) = w**3 - 16*w**2 - 114*w + 1251. What is a(13)?
-738
Let s(m) = 9*m**2 - 2798*m + 16473. Determine s(6).
9
Let d(j) = 590*j - 40000. Give d(68).
120
Let n(l) = l**2 + 139*l - 5043. What is n(-169)?
27
Let r(t) = 2316*t + 25488. Calculate r(-11).
12
Let f(g) = g**2 + 1097*g - 14532. Give f(13).
-102
Let h(o) = 21*o**3 + 5*o**2 + 57*o - 170. Give h(3).
613
Let m(u) = u**3 - 21*u**2 - 953*u + 6451. Give m(6).
193
Let y(v) = v**3 - 358*v**2 - 144*v + 51562. Determine y(358).
10
Let c(d) = 3*d**3 - 1006*d**2 + 2*d - 12. Calculate c(0).
-12
Let d(j) = 5*j**3 + 35*j**2 - 243*j - 137. Determine d(-12).
-821
Let c(a) = -a**3 + 12*a**2 + 227*a + 147. Calculate c(-10).
77
Let o(b) = 5*b**2 + 161*b + 489. Give o(-29).
25
Let w(j) = 230*j**2 - 2073*j - 30. What is w(9)?
-57
Let m(s) = 2*s**3 - 50*s**2 - 189*s + 2177. Calculate m(27).
-10
Let w(d) = -2*d**3 + 397*d**2 - 955*d - 4897. Calculate w(196).
3
Let m(l) = -11472*l + 768628. Give m(67).
4
Let z(n) = 2*n**3 - 685*n**2 + 1129*n - 36776. Determine z(341).
-630
Let u(o) = -o**2 - 324*o - 20672. Determine u(-89).
243
Let c(s) = -2*s**2 - 73*s - 1321. What is c(-33)?
-1090
Let j(x) = 3*x**3 - 8*x**2 - 581*x + 392. What is j(-13)?
2
Let t(x) = 88393*x + 1237496. What is t(-14)?
-6
Let t(r) = 50695*r + 152254. What is t(-3)?
169
Let n(c) = -938604*c - 14079049. Give n(-15).
11
Let f(g) = -g**3 + 156*g**2 + 60*g - 9404. Give f(156).
-44
Let g(k) = 2*k**2 + 722*k + 34633. Calculate g(-57).
-23
Let r(x) = 132*x**3 + 15*x**2 + 48*x + 60. What is r(-1)?
-105
Let r(x) = 26*x**3 - 10*x**2 + 13*x + 63. What is r(3)?
714
Let h(a) = 20*a**2 - 186*a + 142. Determine h(1).
-24
Let i(w) = 1223*w + 123533. Give i(-101).
10
Let m(i) = 318*i - 1156. What is m(2)?
-520
Let g(i) = -525*i + 11629. Calculate g(27).
-2546
Let d(n) = -n**3 - 149*n**2 + 49422*n + 2861. Determine d(160).
-19
Let z(i) = 11*i**2 - 2607*i + 12769. Give z(5).
9
Let i(f) = -f**3 + 59*f**2 + 1296*f - 213. What is i(-17)?
-281
Let l(k) = 152*k + 13884. What is l(-90)?
204
Let v(x) = 637*x - 66139. Determine v(104).
109
Let x(j) = -j**3 + 456*j**2 + 2300*j - 27. Give x(-5).
-2
Let q(g) = g**3 - 325*g**2 + 340*g - 4880. Give q(324).
304
Let t(r) = 4*r**3 - 22*r**2 - 536*r + 5391. Give t(10).
1831
Let g(b) = -b**3 + 17*b**2 + 2*b + 466. Give g(17).
500
Let l(i) = -152361*i - 761792. Determine l(-5).
13
Let s(m) = m**3 - 311*m**2 - 292*m - 6059. Give s(312).
181
Let r(u) = 421*u + 18178. Determine r(-40).
1338
Let j(a) = 46*a**2 + 4747*a + 92780. Give j(-77).
-5
Let n(o) = -o**3 + 396*o**2 + 5745*o + 63. Determine n(-14).
-7
Let j(d) = -16748*d - 602999. Give j(-36).
-71
Let u(p) = -2*p**3 - 8*p**2 + 117*p + 13. Give u(-9).
-230
Let o(p) = 15*p**2 + 223*p + 336. Calculate o(-13).
-28
Let h(t) = 62*t**2 + 423*t - 151. Determine h(-8).
433
Let d(w) = 96*w + 20053. What is d(-217)?
-779
Let v(n) = -140*n - 6514. What is v(-46)?
-74
Let f(s) = -2*s**3 + 116*s**2 + 1085*s + 240. Give f(-8).
8
Let i(f) = 60*f**2 - 3186*f + 357. Determine i(53).
39
Let g(x) = -x**2 - 4800*x - 209291. What is g(-44)?
-27
Let b(h) = -13275*h + 172579. Give b(13).
4
Let f(z) = -9*z**2 - 1354*z - 4580. Calculate f(-147).
-23
Let m(z) = -13411414*z - 93879906. Calculate m(-7).
-8
Let z(f) = 629*f + 70547. Give z(-112).
99
Let d(i) = 12211*i + 3. What is d(0)?
3
Let k(t) = 83*t**3 - 680*t**2 + 684*t - 2. What is k(1)?
85
Let f(p) = 18*p**3 - p**2 - 118*p - 288. What is f(-5)?
-1973
Let g(m) = -43303*m + 346435. Give g(8).
11
Let m(q) = 141*q**3 - 39200*q**2 + 558*q - 548. Determine m(278).
8
Let k(o) = 8*o**2 + 20*o - 7. Calculate k(-5).
93
Let o(c) = -30593*c + 1652031. Calculate o(54).
9
Let t(q) = -15830*q + 4432400. Calculate t(280).
0
Let a(q) = -9659*q - 1120448. What is a(-116)?
-4
Let b(n) = -2*n**2 - 129*n - 1761. Calculate b(-18).
-87
Let x(g) = g**2 + 15145*g - 866492. Give x(57).
22
Let i(f) = 1422*f - 5542. Give i(4).
146
Let h(c) = -520*c + 80504. What is h(155)?
-96
Let x(c) = 17*c**3 + 7*c**2 + 6*c + 35. Give x(-4).
-965
Let o(l) = -l**2 + 223*l - 9885. Calculate o(61).
-3
Let v(y) = -2*y**2 - 41785*y + 376223. Determine v(9).
-4
Let u(f) = -21035*f + 105297. Give u(5).
122
Let f(a) = -233*a + 50302. Give f(216).
-26
Let v(o) = 1367*o - 34360. Calculate v(23).
-2919
Let t(a) = -33*a**2 + 13694*a + 14144. What is t(416)?
0
Let m(j) = -46*j**2 - 4838*j - 23095. Calculate m(-5).
-55
Let r(c) = 8*c**2 - 101*c - 1495. Calculate r(-11).
584
Let p(q) = 160*q - 704. Determine p(8).
576
Let j(y) = 7*y**3 - 21*y**2 + 36*y - 133. Determine j(6).
839
Let m(n) = 249*n**2 - 47806*n - 386. Calculate m(192).
-2
Let p(f) = 298*f - 12357. What is p(49)?
2245
Let l(z) = 5637*z - 112139. Determine l(20).
601
Let w(q) = -40*q**3 - q**2 + 5*q - 6. What is w(3)?
-1080
Let b(h) = -h**3 - 78*h**2 - 257*h - 31. Give b(-3).
65
Let v(m) = 4*m**2 + 62*m + 7. Determine v(-9).
-227
Let u(j) = j**3 + 75*j**2 + 371*j + 222. Give u(-4).
-126
Let t(q) = -q**3 - 2*q**2 + 1371*q + 6. Calculate t(-38).
-108
Let p(i) = -i**3 - 116*i**2 + 96*i + 11260. What is p(-116)?
124
Let l(d) = d**3 + 730*d**2 + 10042*d + 251. What is l(-14)?
-1
Let d(b) = 14*b**3 - 14*b**2 - 52*b + 683. What is d(5)?
1823
Let l(y) = 4*y**3 - 213*y**2 + 344*y - 4642. Calculate l(52).
-274
Let s(d) = -d**3 - 87*d**2 + 767*d + 664. Give s(-95).
-1
Let i(k) = k**3 - 85*k**2 + 472*k + 208. Determine i(79).
50
Let d(a) = 131*a**2 - 57379*a + 429. What is d(438)?
-9
Let s(m) = -2*m**3 + 81*m**2 - 501*m - 144. Give s(8).
8
Let r(y) = 3*y**3 + 38*y**2 - 40*y - 1039. Calculate r(-11).
6
Let u(i) = 62026*i + 682287. Calculate u(-11).
1
Let f(u) = 342*u + 8835. Calculate f(-27).
-399
Let z(c) = 10*c**2 - 585*c - 2843. What is z(63)?
-8
Let l(n) = -326*n**3 - 22*n**2 + 4*n + 1. Calculate l(1).
-343
Let g(i) = -i**3 + 116*i**2 - 455*i + 835. What is g(112)?
51
Let r(s) = 477*s - 22896. Give r(48).
0
Let j(p) = 10*p**3 + 3*p**2 - 26*p + 20. Determine j(2).
60
Let r(d) = -6*d**3 - 94*d**2 - 87*d + 6. Determine r(-1).
5
Let z(r) = 129*r**2 + 2990*r + 535. Calculate z(-23).
6
Let f(r) = -6*r**2 - 53618*r - 428879. Determine f(-8).
-319
Let u(x) = x**3 - 10*x**2 + 90*x - 610. Give u(9).
119
Let l(u) = -179*u - 464. What is l(-8)?
968
Let k(d) = -132255*d - 9390086. Give k(-71).
19
Let z(u) = -171*u + 1221. What is z(5)?
366
Let j(g) = 137*g**2 - 145*g + 220. What is j(4)?
1832
Let g(o) = -24*o**2 + 4800*o - 33. Determine g(200).
-33
Let v(k) = 3*k**3 - 6*k**2 + 13*k + 84. Calculate v(-6).
-858
Let f(o) = 2*o**3 - 422*o**2 + o - 205. What is f(211)?
6
Let x(n) = -17074*n - 2373281. What is x(-139)?
5
Let c(n) = -4*n**3 + 7*n**2 - 50*n + 194. Calculate c(3).
-1
Let n(o) = -855*o - 3756. Calculate n(-4).
-336
Let p(i) = -i**3 - 6*i**2 + 199*i - 39. Give p(-20).
1581
Let v(k) = k**3 - 152*k**2 - 958*k + 11. Determine v(-6).
71
Let a(l) = l**3 - 18*l**2 - 423*l - 1666. Give a(-7).
70
Let k(w) = w**3 - 182*w**2 - 26673*w + 1453. What is k(-96)?
13
Let x(i) = -3*i**3 + 1188*i**2 - 49203*i - 2088. Determine x(349).
6
Let w(j) = 205*j - 16229. Calculate w(91).
2426
Let i(y) = -y**3 - 38*y**2 - 18*y - 115. Determine i(-37).
-818
Let q(j) = 4*j**2 + 729*j + 175. Calculate q(-182).
-7
Let g(b) = -6*b**2 + 203*b - 1607. What is g(19)?
84
Let p(j) = 2*j**3 + 16*j**2 + 662*j + 4549. What is p(-7)?
13
Let d(h) = 18169*h + 40080810. Calculate d(-2206).
-4
Let l(t) = 10625*t + 191249. Calculate l(-18).
-1
Let u(s) = 2*s**3 - 82*s**2 - 3554*s + 145421. Calculate u(43).
-5
Let r(c) = c**3 + 4*c**2 - 73*c - 232. What is r(-9)?
20
Let o(i) = i**3 - 